3
Let y(n) = 2*n**2 - 250*n - 251. Give y(-1).
1
Let u(k) = 227*k + 2509. Calculate u(-11).
12
Let h(t) = 108*t - 433. Give h(4).
-1
Let s(b) = -27*b - 1989. Determine s(-67).
-180
Let c(o) = 334*o - 76. Calculate c(-1).
-410
Let y(p) = 159*p**3 + 478*p**2 - p + 5. Calculate y(-3).
17
Let j(x) = -83*x + 1672. Calculate j(20).
12
Let n(m) = -10*m**2 - 13*m + 214. What is n(-10)?
-656
Let o(k) = -5*k**3 + 147*k**2 - 61*k + 106. What is o(29)?
19
Let a(g) = g**2 + 125*g + 3552. Determine a(-81).
-12
Let t(r) = r**2 - 72*r + 233. Give t(68).
-39
Let q(x) = -20*x**2 - 9*x + 14. What is q(2)?
-84
Let g(s) = -s**3 - 12*s**2 - 30*s - 29. Determine g(-9).
-2
Let k(l) = -37*l - 125. Calculate k(-2).
-51
Let p(d) = -525*d - 37. What is p(0)?
-37
Let j(u) = -u**2 + 204*u + 14558. Give j(-56).
-2
Let p(j) = -j**3 - 18*j**2 + 4*j + 40. Give p(-18).
-32
Let w(x) = x**3 - 46*x**2 - 2*x + 97. Give w(46).
5
Let a(y) = 12*y + 374. Determine a(-33).
-22
Let c(u) = 49*u**3 + 2*u**2 - 4*u. Give c(-2).
-376
Let h(i) = 5*i**2 - 103*i - 23. Determine h(21).
19
Let a(l) = 451*l - 4248. What is a(9)?
-189
Let m(d) = d**3 - 16*d**2 - 83*d + 44. What is m(20)?
-16
Let k(d) = d**2 + 71*d - 626. Calculate k(8).
6
Let q(t) = 3*t**3 + 31*t**2 + 35*t - 12. Give q(-9).
-3
Let p(u) = u**2 - 13*u + 46. Determine p(3).
16
Let x(g) = 3*g**2 - 49*g - 21. Calculate x(0).
-21
Let r(f) = -f**3 - 11*f**2 - 41*f + 55. Give r(-7).
146
Let r(i) = -2*i**3 + 13*i**2 + 26*i - 3. Give r(8).
13
Let u(z) = z**3 + 71*z**2 - 72*z + 2. What is u(-72)?
2
Let r(l) = 9*l**2 - 640*l - 1248. Calculate r(73).
-7
Let a(w) = 11*w**2 - 14*w - 12. Determine a(5).
193
Let y(q) = -q**3 - 27*q**2 + 15*q + 38. Give y(-28).
402
Let x(j) = -4*j**3 - 31*j**2 + 36*j - 65. Give x(-9).
16
Let n(x) = x**2 - 4*x - 731. Determine n(-25).
-6
Let l(o) = -22*o + 2705. Give l(120).
65
Let k(p) = 5*p**2 + 36*p - 32. What is k(-8)?
0
Let b(n) = n**2 + 35*n - 66. Give b(-39).
90
Let b(y) = -2*y**3 - 191*y**2 - 94*y + 130. Determine b(-95).
35
Let c(x) = 815*x - 19565. Determine c(24).
-5
Let m(z) = -z**2 - 20*z + 111. Give m(-23).
42
Let o(m) = -m**3 - 2*m**2 - 460*m + 4. Calculate o(0).
4
Let g(w) = 8*w**2 - 71*w + 136. What is g(6)?
-2
Let j(n) = 42*n + 554. Calculate j(-11).
92
Let b(j) = 2*j**2 + 23*j - 12. Calculate b(-4).
-72
Let r(q) = q**3 - 2*q**2 - 5*q + 25. Give r(6).
139
Let h(j) = -2*j**2 + 51*j - 307. Calculate h(14).
15
Let j(k) = k**3 - 20*k**2 - 306*k - 46. Calculate j(-10).
14
Let f(h) = 30*h**2 + 300*h - 10. What is f(-10)?
-10
Let i(w) = -67*w**2 + 1077*w - 55. What is i(16)?
25
Let g(q) = -762*q + 9. What is g(0)?
9
Let m(d) = 9*d**2 - 95*d - 170. What is m(12)?
-14
Let y(d) = d**3 + 7*d**2 + 75*d + 386. Calculate y(-6).
-28
Let h(u) = 2*u**3 + 4*u**2 - 7*u - 42. Calculate h(-4).
-78
Let a(v) = 7*v**2 + 58*v - 819. Calculate a(11).
666
Let y(s) = -3*s**2 + 15*s - 6. Calculate y(4).
6
Let o(y) = 16*y + 368. Give o(-21).
32
Let o(q) = 3*q**3 - 42*q**2 - 17*q + 224. Calculate o(14).
-14
Let q(k) = -85*k + 635. What is q(7)?
40
Let g(q) = 170*q**2 + 42*q - 41. Give g(1).
171
Let h(l) = -10*l**2 + 446*l - 4031. What is h(32)?
1
Let c(z) = 87*z + 6437. What is c(-74)?
-1
Let f(m) = -17*m**2 - 87*m + 96. Give f(-6).
6
Let x(u) = -u**3 - 33*u**2 + 40*u + 235. What is x(-34)?
31
Let w(p) = -p**2 + 457*p - 5782. What is w(13)?
-10
Let v(d) = -5*d - 158. Give v(-26).
-28
Let a(p) = 2*p**3 - 51*p**2 + 32*p - 139. Determine a(25).
36
Let c(j) = j**3 + 33*j**2 - 39*j + 8. Calculate c(-34).
178
Let j(r) = -r**3 - 259*r**2 + 8038*r + 581. Calculate j(-287).
7
Let w(u) = -6*u**2 - 45*u + 3. Calculate w(-7).
24
Let w(l) = -48*l - 1200. Determine w(-36).
528
Let l(u) = -u**3 - 32*u**2 + 71*u + 4. What is l(-34)?
-98
Let t(q) = -q**2 + 150*q - 1876. Determine t(13).
-95
Let c(j) = -j**2 - 21*j + 85. Determine c(-26).
-45
Let a(z) = 3*z - 23. Give a(10).
7
Let t(i) = -4*i**2 + 436*i - 426. What is t(108)?
6
Let f(m) = -1112*m - 48939. Calculate f(-44).
-11
Let w(k) = k**3 - 15*k**2 - 32*k + 82. Determine w(12).
-734
Let k(p) = 6*p**3 - 543*p**2 - 271*p - 177. Determine k(91).
5
Let p(l) = l**3 - 29*l**2 + 201*l - 50. Give p(18).
4
Let m(z) = z**3 - 35*z**2 + 66*z + 25. Determine m(33).
25
Let y(i) = 1395*i - 5626. What is y(4)?
-46
Let y(t) = 2*t + 1. Calculate y(-2).
-3
Let i(r) = 2*r**2 + 12*r + 1. Determine i(-2).
-15
Let z(y) = 7*y**2 - 79*y - 8. Calculate z(12).
52
Let r(s) = -47*s + 2076. Give r(45).
-39
Let q(n) = 67*n - 2547. Determine q(38).
-1
Let n(l) = -l**2 - 31*l - 47. Determine n(-9).
151
Let a(b) = 1139*b - 51259. Determine a(45).
-4
Let n(p) = 47*p - 1333. Calculate n(30).
77
Let p(c) = 2*c**3 - 27*c**2 - 25*c + 143. What is p(14)?
-11
Let w(b) = -2*b**3 + 44*b**2 + 36*b + 156. What is w(23)?
-74
Let z(a) = 2*a**3 + 5*a**2 - 3*a + 40. Calculate z(-4).
4
Let d(k) = 3*k**3 + 72*k**2 - 12*k - 248. Calculate d(-24).
40
Let c(a) = -a + 83. Calculate c(-37).
120
Let p(x) = 31*x + 1226. Calculate p(-45).
-169
Let z(v) = -303*v + 3024. Determine z(10).
-6
Let g(p) = -4*p**3 + 40*p**2 - 4*p - 16. What is g(10)?
-56
Let a(l) = -5*l**2 - 46*l + 560. Give a(7).
-7
Let q(l) = 3*l**2 + 61*l + 311. Give q(-10).
1
Let c(z) = -z**2 + 36*z - 90. What is c(31)?
65
Let j(q) = 5*q**2 - 48*q - 152. Calculate j(12).
-8
Let l(s) = -s**3 + 6*s**2 - 2*s - 10. Determine l(2).
2
Let q(o) = o**2 + 12*o - 1727. Give q(36).
1
Let n(w) = w**3 - 8*w**2 + 8*w + 26. What is n(6)?
2
Let b(z) = -z**2 - 26*z - 16. Determine b(-26).
-16
Let x(k) = k**3 - 19*k**2 + 23*k - 2. What is x(15)?
-557
Let k(o) = 2*o**3 - 14*o**2 + 3*o + 71. What is k(5)?
-14
Let s(r) = -3*r**2 + 59*r - 300. Determine s(14).
-62
Let f(z) = -81*z**2 + 9*z - 3. Calculate f(1).
-75
Let g(d) = -d**3 + 86*d**2 + 97*d - 657. What is g(87)?
213
Let l(j) = -j**2 + 184*j - 775. Determine l(4).
-55
Let o(t) = -32*t - 264. Determine o(-12).
120
Let z(r) = -91*r - 742. Calculate z(-8).
-14
Let w(y) = y**2 - 673*y + 2672. Give w(4).
-4
Let f(n) = 5628*n - 39403. Determine f(7).
-7
Let u(j) = -10*j**2 + 82*j + 3. Calculate u(8).
19
Let x(v) = -v**3 - 56*v**2 - 106*v + 136. Give x(-54).
28
Let k(x) = -15*x - 325. Determine k(-22).
5
Let o(y) = -2*y**2 + 4*y + 22. Determine o(13).
-264
Let g(b) = 304*b - 514. Calculate g(2).
94
Let p(q) = -108*q - 433. Give p(-4).
-1
Let u(g) = 4*g**2 + 151*g - 45. What is u(-38)?
-7
Let u(i) = -220*i + 4. Determine u(1).
-216
Let p(m) = 21*m**3 + 5*m**2 + 12*m + 19. Determine p(-3).
-539
Let t(f) = -49*f - 460. Calculate t(-15).
275
Let w(v) = -20*v + 56. What is w(4)?
-24
Let s(p) = 9*p**3 - 29*p**2 + 3*p - 3. Give s(3).
-12
Let p(s) = -6*s**3 + 21*s + 104. Determine p(-4).
404
Let g(k) = 5*k**3 + 12*k**2 - 82*k - 202. Determine g(-2).
-30
Let g(u) = 3*u**3 + 5*u**2 - 12*u - 39. Calculate g(-5).
-229
Let j(s) = 2*s**2 - 203*s + 533. Calculate j(99).
38
Let b(v) = -v**3 - 20*v**2 + 430*v + 17. Calculate b(-33).
-16
Let g(n) = 327*n + 37598. Determine g(-115).
-7
Let a(p) = 53*p - 366. Determine a(6).
-48
Let s(w) = w**2 + 294*w - 891. Calculate s(3).
0
Let m(z) = 2*z**3 + 9*z**2 - 84*z - 21. Give m(-9).
6
Let l(h) = h**3 - 14*h**2 + 7*h + 64. Determine l(13).
-14
Let o(k) = 3*k - 159. Determine o(31).
-66
Let m(h) = 23*h**3 - 1013*h**2 + 45*h - 27. Calculate m(44).
17
Let b(t) = t**2 - 886*t + 9624. What is b(11)?
-1
Let p(z) = -z**2 - 11*z + 435. Calculate p(-27).
3
Let j(b) = 2*b**2 + 117*b - 71. What is j(-59)?
-12
Let i(j) = -505*j + 6576. Determine i(13).
11
Let p(s) = 84*s**3 - 91*s**2 + 11*s - 6. Calculate p(1).
-2
Let u(x) = -x**2 + 102*x - 1646. Determine u(20).
-6
Let k(q) = 30742*q + 92232. Calculate k(-3).
6
Let s(f) = -325*f + 1769. Give s(5).
144
Let o(w) = -9*w**3 - 388*w**2 - 35*w + 343. Calculate o(-43).
-1
Let q(z) = -838*z + 15922. What is q(19)?
0
Let m(v) = -235*v + 2615. Calculate m(11).
30
Let q(c) = -5*c**2 - 4*c - 30. Give q(-4).
-94
Let o(z) = 23*z**2 - 11*z - 11. Determine o(-1).
23
Let z(a) = a**3 - 54*a**2 - 51*a - 281. What is z(55)?
-61
Let g(f) = f**3 + 6*f**2 - 4853*f - 29126. Determine g(-6).
-8
Let m(n) = -2*n**3 + 23*n**2 - 2*n + 101. What is m(12)?
-67
Let u(r) = r**3 - 34*r**2 - 5*r + 164. Give u(34).
-6
Let c(v) = -86*v - 282. Give c(-2).
-110
Let t(w) = -158*w + 1312. Calculate t(8).
48
Let z(d) = 2*d**3 - 7*d**